{"id":11,"date":"2012-12-30T18:42:47","date_gmt":"2012-12-30T18:42:47","guid":{"rendered":"http:\/\/www.vatado.org\/?page_id=11"},"modified":"2014-01-14T19:38:08","modified_gmt":"2014-01-14T19:38:08","slug":"taekwondo","status":"publish","type":"page","link":"https:\/\/www.vatado.org\/?page_id=11","title":{"rendered":"Taekwondo"},"content":{"rendered":"<div class=\"page-restrict-output\"><p>Taekwondo on nykymuodossaan alle 70 vuotta vanha laji, jonka taustalla on kuitenkin vuosisatainen kamppailutaitoperinne niin lajin em\u00e4maassa Koreassa kuin naapurivaltioissa Japanissa ja Kiinassakin. Taekwondo kehittyi omaleimaiseksi kamppailu-urheiluksi 1960-luvulla, kun sen kilpailus\u00e4\u00e4nt\u00f6j\u00e4 muutettiin selv\u00e4sti erilaiseksi kuin karatessa. Potkuille annettiin suuri painoarvo verrattuna ly\u00f6nteihin ja ottelu rakennettiin t\u00e4yskontaktin sek\u00e4 turvallisten suojien varaan.<\/p>\n<p>Taekwondo levitettiin tehokkaasti eri puolille maailmaa 1960- ja 1970-luvuilla. Suomessa alettiin harjoitella lajia vasta aivan 1970-luvun lopulla menestyksekk\u00e4\u00e4n korealaisottelijan Dae Jin Hwangin tuotua lajin maahan. Siit\u00e4 asti taekwondo on kasvattanut suosiotaan ja nyky\u00e4\u00e4n sit\u00e4 harjoitellaan kattavasti joka puolella Suomea pohjoisimpia osia lukuun ottamatta. Suomen Taekwondoliitossa on 68 aktiivista j\u00e4senseuraa, joissa harjoittelee yhteens\u00e4 6000\u201310 000 harrastajaa. Lajiliiton lisenssin omistavia on yli 1600.<\/p>\n<p>Taekwondossa voi kilpailla kahdessa hyvin erilaisessa kilpailumuodossa, ottelussa ja liikesarjoissa. Ottelussa ensimm\u00e4iset MM-kilpailut k\u00e4ytiin vuonna 1973, joten sen kilpailuperinne on jo vuosikymmeni\u00e4 vanha. Liikesarjoissa EM-kilpailuja on k\u00e4yty vuodesta 1993 ja MM-kilpailut toteutuivat ensimm\u00e4isen kerran vuonna 2006. Suomi on saavuttanut ottelun MM-mitalin kahdesti. EM-mitaleita on vuosien varrella kertynyt runsaasti niin ottelussa kuin liikesarjoissa. Lis\u00e4ksi suomalaiset ovat kilpailleet taekwondossa olympialaisissa sek\u00e4 vuonna 2000 Sydneyss\u00e4 ett\u00e4 vuonna 2004 Ateenassa.<\/p>\n<p><em>L\u00e4hde: Suomen Taekwondoliitto<\/em><\/p>\n<\/div>","protected":false},"excerpt":{"rendered":"<div class=\"page-restrict-output\"><p>Taekwondo on nykymuodossaan alle 70 vuotta vanha laji, jonka taustalla on kuitenkin vuosisatainen kamppailutaitoperinne niin lajin em\u00e4maassa Koreassa kuin naapurivaltioissa Japanissa ja Kiinassakin. Taekwondo kehittyi omaleimaiseksi kamppailu-urheiluksi 1960-luvulla, kun sen kilpailus\u00e4\u00e4nt\u00f6j\u00e4 muutettiin selv\u00e4sti erilaiseksi kuin karatessa. Potkuille annettiin suuri painoarvo verrattuna ly\u00f6nteihin ja ottelu rakennettiin t\u00e4yskontaktin sek\u00e4 turvallisten suojien varaan. Taekwondo levitettiin tehokkaasti eri puolille [&hellip;]<\/p>\n<\/div>","protected":false},"author":5,"featured_media":0,"parent":0,"menu_order":0,"comment_status":"open","ping_status":"open","template":"","meta":{"saved_in_kubio":false,"ngg_post_thumbnail":0,"footnotes":""},"class_list":["post-11","page","type-page","status-publish","hentry"],"kubio_ai_page_context":{"short_desc":"","purpose":"general"},"_links":{"self":[{"href":"https:\/\/www.vatado.org\/index.php?rest_route=\/wp\/v2\/pages\/11","targetHints":{"allow":["GET"]}}],"collection":[{"href":"https:\/\/www.vatado.org\/index.php?rest_route=\/wp\/v2\/pages"}],"about":[{"href":"https:\/\/www.vatado.org\/index.php?rest_route=\/wp\/v2\/types\/page"}],"author":[{"embeddable":true,"href":"https:\/\/www.vatado.org\/index.php?rest_route=\/wp\/v2\/users\/5"}],"replies":[{"embeddable":true,"href":"https:\/\/www.vatado.org\/index.php?rest_route=%2Fwp%2Fv2%2Fcomments&post=11"}],"version-history":[{"count":5,"href":"https:\/\/www.vatado.org\/index.php?rest_route=\/wp\/v2\/pages\/11\/revisions"}],"predecessor-version":[{"id":251,"href":"https:\/\/www.vatado.org\/index.php?rest_route=\/wp\/v2\/pages\/11\/revisions\/251"}],"wp:attachment":[{"href":"https:\/\/www.vatado.org\/index.php?rest_route=%2Fwp%2Fv2%2Fmedia&parent=11"}],"curies":[{"name":"wp","href":"https:\/\/api.w.org\/{rel}","templated":true}]}}